+ 2*c - 888 = 2*m. What is the greatest common divisor of 1500 and m?
60
Let k = 2242 + -2241. Calculate the greatest common factor of 239 and k.
1
Let c be (-671 + 108/12)*3/(-6)*19. What is the highest common factor of 19 and c?
19
Suppose 2*f = 5*b + 11 - 27, 4*b = -3*f - 1. Let q be 1 + b + -7 + 103. What is the greatest common factor of 45 and q?
9
Let b be 1/3 - 31317/(-9). Suppose -4*c = -8*l + 7*l + 879, -4*l = -4*c - b. What is the greatest common factor of 102 and l?
51
Let m(t) = 151*t**2 + 137*t + 1212. Let x be m(-11). What is the greatest common factor of x and 14?
14
Let u = 28 + -26. Let k(w) = w**2 - w + 6. Let j be k(u). Let b be (10 + 104)*(-2)/(-3) + -4. What is the highest common divisor of b and j?
8
Let o be (37 + 5)/(3 - 2). Let s be o/(-28) + (-339)/2. Let p = s + 270. Calculate the highest common factor of 9 and p.
9
Let s(k) = 42*k**3 + 2*k**2 - 10*k + 8. Let j be s(1). Calculate the greatest common divisor of j and 174.
6
Suppose 14 - 260 = -3*n + 963. What is the highest common factor of 1651 and n?
13
Let b(k) = 17*k**2 - 390*k + 1159. Let a be b(3). What is the greatest common divisor of a and 355?
71
Suppose -3 = -3*n + 6. Suppose -n*o = -6*o - 0*o. Let r be 9 + -7 + (1 - o). What is the highest common factor of 21 and r?
3
Let r(u) be the third derivative of 0*u - 2*u**2 + 13/24*u**4 + 0 + 1/20*u**5 + 2*u**3. Let s be r(-6). Calculate the greatest common factor of 168 and s.
42
Suppose -45*t + 801 = -42*t. Let a = -398 + t. Let g = a + 451. What is the highest common factor of 40 and g?
40
Let d be (-243)/(-1) + -2 - (70 + -64). Suppose 0 = 4*b - 4*c - 168, 0 = -3*b + 4*c - 8*c + 161. Calculate the highest common divisor of d and b.
47
Let w(r) = 28*r - 44. Let c be w(16). Let i = -228 + c. What is the highest common divisor of i and 32?
16
Suppose 0 = -5*n + 4 + 16. Suppose 3*k - 159 = -n*w, 0 = -3*w + 5*k + 68 + 15. Suppose 7*a = 4*a + w. Calculate the greatest common divisor of a and 48.
12
Let s(q) = -15*q**2 + 347*q + 66. Let p be s(23). Calculate the greatest common factor of 2128 and p.
112
Suppose -364 = -3*c - 12*l + 10*l, 0 = -3*c + 4*l + 406. Calculate the greatest common divisor of 4200 and c.
42
Let z = -41 - -109. Let c = z - 190. Let f be ((-24)/16)/(3 - c/(-40)). What is the greatest common divisor of 15 and f?
15
Let p = 607 - 1158. Let l = 1039 + p. Calculate the highest common factor of l and 8.
8
Suppose 0 = -17*p + 2795 + 31340 - 6765. Calculate the highest common factor of 98 and p.
14
Suppose 0 = -0*a + 3*a + 3*t - 984, -2*t + 6 = 0. What is the greatest common factor of 1885 and a?
65
Let x(u) = -1986 + 1986 - 2*u. Let d be x(-2). Suppose 5*o + 5*g = 165, -d*o - 3*g - 165 = -9*o. Calculate the greatest common factor of 132 and o.
33
Suppose -26 = 2*q - 4*q + 4*i, 4*q + 4*i + 8 = 0. Suppose -54 + 20 = -2*g - 4*d, -q*g - 5*d = -50. Calculate the highest common factor of g and 95.
5
Let r(b) = 160*b - 4059. Let p be r(43). Calculate the greatest common factor of 434 and p.
217
Suppose -4*h - 11*f + 1065 = -16*f, 35 = 5*f. What is the highest common factor of 605 and h?
55
Suppose 2*b - 3704 = 33*w - 38*w, 6*b = w + 11176. What is the greatest common divisor of 38 and b?
38
Suppose 4*a - 30*a + 14533 = -11337. What is the highest common divisor of a and 15?
5
Let f be (-5 - 0) + (-9 - 0). Let a(o) = -4*o - 8. Let q be a(f). Calculate the highest common divisor of 6 and q.
6
Suppose 13*r = 161 + 21. What is the greatest common factor of r and 5782?
14
Let g be 33 - (-24 - -11 - -3). Calculate the highest common factor of 215 and g.
43
Suppose -232*b + 317*b - 4134 = 3006. Calculate the highest common divisor of b and 1043.
7
Let n(t) = -1202*t**3 - 8*t**2 - 5*t + 1. Let b be n(-1). What is the highest common divisor of 45 and b?
15
Suppose -l - 8*b + 4*b + 8 = 0, -4*l - 4*b + 32 = 0. Suppose -15*m + 25*m = 18*m - 1472. What is the highest common divisor of m and l?
8
Let a = 71 - 56. Suppose -a*n = -5*j - 13*n + 9, -2*j - 3*n = 4. Calculate the highest common factor of 39 and j.
1
Let l = -315 - -320. Suppose -31 = -l*h + 459. Calculate the highest common factor of 14 and h.
14
Suppose -3*v = -3, -3*w - 161 = -2*v + 291. Let g be (-2 - 1)*w/45. What is the highest common factor of g and 470?
10
Suppose -n - 13 = -25. Let x be 1/(45/(-182) + n/42). What is the greatest common factor of 13 and x?
13
Let s be (-17880)/(-6705) - -1*487/3. Let c be 2/(-7) + (-214)/(-14). What is the highest common factor of s and c?
15
Suppose -6*x + 941 = 3*g - 4*x, -4*g + 1256 = 2*x. What is the greatest common factor of g and 693?
63
Let o(u) = 268*u**2 + 12*u - 72. Let l be o(6). What is the highest common divisor of l and 54?
18
Let a = 209 - 206. Calculate the highest common factor of a and 37.
1
Let m(b) be the first derivative of -b**4 - 5*b**3/3 - 7*b**2/2 - 9*b - 2. Let p be m(-3). What is the highest common factor of 60 and p?
15
Let r be 498/102 + (-4)/(-34). Suppose 8*p = r*p + 4*u + 66, -p = 4*u - 6. Calculate the greatest common divisor of p and 198.
18
Suppose 9*y + 70 = -y. Let i = y + 45. Suppose 6 = 4*q - i. What is the greatest common divisor of 11 and q?
11
Let h(r) = r**3 - 4*r**2 - 45*r + 49. Let q be h(1). Let t = 0 + -1. Let i be 1 + (-2)/t*3. Calculate the greatest common divisor of q and i.
1
Suppose -648*n + 665*n - 303858 = 0. What is the greatest common divisor of n and 18?
18
Suppose 0*j = -3*j + 99. Suppose -3*a = 5*r - 73, -8*a - 41 = -13*a - r. What is the greatest common divisor of j and a?
3
Let d be -2 - (-1)/(3/6)*7. Let r be 2 + -1 - ((10 - -4) + -151). What is the greatest common factor of r and d?
6
Let l(h) = -2*h**2 + 4*h + 66. Let k be l(7). Let t be (-72 + 154)*(-6)/k. What is the highest common divisor of t and 205?
41
Suppose 2*x + 204 = 4*x - v, x = 2*v + 108. Let c(h) = 8*h + 1. Let d be c(3). Calculate the highest common divisor of d and x.
25
Let z be 18/2 - 2/(-2). Suppose -68 = -4*l + 2*w, -12*w = l - 16*w - 38. Suppose z + l = 6*d. What is the highest common factor of 72 and d?
4
Let j = -316 + 330. Suppose 0 = -j*q + 56 + 42. What is the highest common divisor of 168 and q?
7
Let v be 72/9 + (-24)/8. Suppose 5*q = 3*x - 1151 + 4719, v*x = -2*q + 1421. Calculate the greatest common divisor of 31 and q.
31
Let x = -3078 + 3190. Calculate the highest common factor of x and 2856.
56
Let z(j) = 38*j + 11. Let t(k) = -2*k**3 - k**2 - k. Let m be t(-1). Let q be z(m). Calculate the greatest common divisor of q and 29.
29
Let i = -629 + 1705. Let f be i/18 - 6/(-27). What is the greatest common factor of f and 8?
4
Let i(a) = 2*a. Let w be i(10). Suppose 83*y - 2860 = 28*y. Calculate the highest common divisor of y and w.
4
Let h(u) = -16*u - 34. Let a(y) = -1 - 22*y + 41*y - 20*y. Let x(m) = -3*a(m) + h(m). Let t be x(-11). Calculate the greatest common factor of 16 and t.
16
Let x(v) = -87*v + v**2 + 17 - 48*v + 139*v. Suppose -3*t - 4 = -2*t. Let g be x(t). What is the highest common divisor of 119 and g?
17
Let h(g) = -g**2 + 24*g - 21. Let d be h(23). Suppose 140 = r + 4*t, -8*r + 4*r + d*t + 614 = 0. Calculate the greatest common factor of 4 and r.
4
Let j(o) = 6*o + 6. Let g be j(-1). Suppose -12*z + 11*z + 3 = g. Suppose -y + z*d + 115 = -d, 2*y - 4*d = 230. What is the greatest common factor of 23 and y?
23
Suppose -2*c = -5*x + 59439 - 2044, 0 = -3*x + 5*c + 34437. What is the greatest common divisor of x and 26?
13
Let h = -18 - -24. Let z be 10/((-7)/((-1113)/h)). Suppose -b - 4*b + 5*t = -z, -4*b + t + 203 = 0. What is the greatest common divisor of b and 75?
25
Let d = -2 - -4. Let h be -4 + (-284)/((-8)/2). Suppose -r + 32 + h = -d*w, 186 = 2*r - w. Calculate the highest common factor of r and 13.
13
Let p = 52 - 1. What is the highest common divisor of p and 8517?
51
Let d be 1449 - -79 - 6/(-3). Calculate the highest common divisor of 90 and d.
90
Let g be 7 + 8/((-96)/(-2892)). Calculate the highest common factor of g and 2356.
124
Suppose 64*n + 5760 = 70*n. Suppose 5*v - 2 = 18. Suppose -n = -v*l - 4*l. What is the highest common factor of 48 and l?
24
Let w = 7 - -4. Let y(s) = 33*s**2 - 11*s - 2. Let g be y(2). Suppose -w*f = -9*f - g. What is the highest common factor of f and 135?
27
Let n = 549 + -550. Let w be (n + 5/(-4))/(9/(-108)). Ca